se m*d - 8 = -d. Suppose -6 - 9 = -5*f + 5*b, -d*f + 5*b = -3. List the prime factors of f.
2
Suppose -2*g + 328 = -g. List the prime factors of g.
2, 41
Let s = 233 + -118. Suppose 2*v = -6*f + f + 46, -5*v = 2*f - s. List the prime factors of v.
23
Let x = 96 + 2. List the prime factors of x.
2, 7
Suppose -4*i = -i - 6. Let g = -5 + i. Let x = 6 - g. List the prime factors of x.
3
Suppose 2*f = 4*x - 22, 0 = 3*x + 2*f - 4 - 23. Suppose -2 = -5*q - x. What are the prime factors of ((-1)/(-3))/(q/(-21))?
7
Suppose 4*k = 9*k - 385. What are the prime factors of k?
7, 11
Let a be -3 + 1/(3/15). Suppose 0 = a*z - 3*z + 3. Suppose 5*i + 0*i = -4*p + 20, -4*i - z*p + 16 = 0. List the prime factors of i.
2
Suppose 10*n + 27 = 2967. List the prime factors of n.
2, 3, 7
List the prime factors of -2 + (2 - (0 + -59)).
59
Let u(b) = -b**3 + 2*b**2 + 4*b - 1. Let i be u(3). Suppose 0*h - 10 = -i*h. Suppose -3*n - h = -4*n + 4*l, -n - l + 5 = 0. What are the prime factors of n?
5
Suppose 2*f + 3*f = 3*p - 133, 0 = -3*f - p - 77. Let j = 12 + f. List the prime factors of (2 - 0)/((-4)/j).
7
Let a be 2/(-4)*0/(-2). Let z be a/(-3 + -1 + 3). Suppose -4*c = -z*c - 60. What are the prime factors of c?
3, 5
Suppose 4*c - 4*i + 24 = 0, 3*c - 1 + 17 = 2*i. List the prime factors of (15/c - 1)*-4.
19
Let x = -29 - -47. What are the prime factors of x?
2, 3
Let a = 58 + -19. Suppose -a = -c - 2*c. What are the prime factors of c?
13
Suppose -5*l = -l - 292. Suppose l = 3*n - v, 3*n + n + 2*v = 94. What are the prime factors of n?
2, 3
Let l(t) = -t**2 + 14*t + 2. List the prime factors of l(9).
47
Let l(o) = o**2 + 9*o + 8. Let i be l(-8). Suppose s + 0*d - 2*d + 3 = i, 0 = 2*s + 3*d - 15. What are the prime factors of s?
3
What are the prime factors of (-168)/(-5) + (-18)/(-45)?
2, 17
Suppose -u + 4 = -2*u, -5*c = 3*u - 8. Let p be -34*((-2)/(-4))/(-1). Suppose 23 = 3*a - 2*y, -c*y - p = -4*a + 15. What are the prime factors of a?
7
Suppose 7 = -3*w - 5*h, 5*h = 4*w - 16 - 33. Suppose 2*d = -w*b + b + 37, -5*d - 56 = -4*b. What are the prime factors of b?
3
Let j(z) = z + 0*z - 2*z**2 - 4 - z**2 + 4*z**2. What are the prime factors of j(4)?
2
Suppose 3*s - m - 111 = -2*m, -5*s = 2*m - 186. List the prime factors of s.
2, 3
Let t be (-4)/(-2)*2/(-4). List the prime factors of 2/(2 + t) + 8.
2, 5
Suppose 0 = 5*c + z + 4, 4 = 4*c + 3*z - 4*z. Suppose c*p = 3*p - 33. What are the prime factors of p?
11
Let b(i) = 3*i + 2. Let y be (8/(-6))/(2/(-3)). List the prime factors of b(y).
2
Let k be ((-6)/(-9))/(4/18). Let p(n) = n**3 - 3*n**2 + n. Let d be p(k). Suppose 4 = d*v - 2. What are the prime factors of v?
2
Suppose p = 5 - 2. Suppose p*d = 4*r - 26 + 6, d - 28 = -3*r. List the prime factors of (r - (4 - 1))/1.
5
Let s(a) = a - 4. Let y be s(9). Suppose -20 = -y*c + 3*c. List the prime factors of c.
2, 5
Let f = 4 - -5. Let i = f + -7. What are the prime factors of i?
2
Suppose 3*t - 64 = -2*r, 5*t - 4*r - 43 - 27 = 0. What are the prime factors of t?
2, 3
Let q(p) = p**3 + 3*p**2 + 2*p + 3. Let b(t) = -t**2 + 6*t + 9. Let f be b(7). Suppose -5*a + f = -6*a. What are the prime factors of q(a)?
3
Let f(a) = -20*a**3 + 5*a**2 - a - 6. Let p(n) = n**2 - 1. Let v(l) = f(l) - 6*p(l). List the prime factors of v(-1).
2, 5
Let a(q) = 7*q**2 + 7*q - 1. What are the prime factors of a(-5)?
139
Let s(f) = -f**3 - 5*f**2 + 6. What are the prime factors of s(-6)?
2, 3, 7
Suppose -5*w = 3*q - 56, 2*q + 10 + 35 = 3*w. Let f be w/3 - 8/(-12). Suppose -f*s + 2 + 13 = 0. What are the prime factors of s?
3
Let w = -37 + 151. List the prime factors of w.
2, 3, 19
Suppose 2*k - 6 - 4 = 0. Suppose -k*g - c + 48 = -2*c, 3*g - 32 = -c. What are the prime factors of g?
2, 5
Let j(w) = -w - 3. Let g be j(-7). Suppose g*b - 24 = 12. Suppose -i = -2*i + b. List the prime factors of i.
3
Let p = -4 + 9. Suppose 3*q + 2*q - 5 = -p*n, -2*n + 2*q + 18 = 0. Suppose -4*w + 20 = -4*o, -4*w + 2*w + 3 = n*o. List the prime factors of w.
2
What are the prime factors of (155/15)/((-2)/(-12) - 0)?
2, 31
Let k = 0 + 1. Let v(f) = 25*f + 1. Let b be v(k). Suppose b = 5*a + 1. What are the prime factors of a?
5
Let p be 1 - 2 - 4*-1. Let k be -2 - (-3 + 1 + p). List the prime factors of 8 + k + (7 - 2).
2, 5
Let v(i) = -i**3 + 5*i**2 + 6*i + 2. Let m be v(6). Suppose -2*h + 12 = -m. List the prime factors of h.
7
Suppose -5*r = -5*t - 11 + 1, 0 = 5*r - 2*t - 19. List the prime factors of r.
5
Let x be 5*(2 + 3)/1. Suppose -5*l - x = 0, b - 13 = -b + 3*l. Let r = b + 11. List the prime factors of r.
2, 5
Let a(p) = -p**2 - 6*p - 5. Let i be a(-5). Suppose -2*s - 2 + 36 = i. What are the prime factors of s?
17
List the prime factors of (-2*2/8)/(8/(-240)).
3, 5
Let c(s) = -4*s. Let u be c(-1). Let r(n) = n**2 - 3*n + 1. Let t be r(u). Suppose 53 = 4*h + 5*f, -f + t = 4*f. List the prime factors of h.
2, 3
Let r be 3 + (2 - (0 + 4)). What are the prime factors of r*11*(7 + -6)?
11
Suppose p + 0*p = o + 1, -4*o + 14 = 2*p. List the prime factors of (o - 44/16)*-24.
2, 3
Suppose 0 = -2*d + 2*z - 40, 2*z - 24 = 4*d - 3*d. What are the prime factors of -66*(d/(-6) + -3)?
2, 11
Let h(g) = g**2 + 3*g - 6. List the prime factors of h(-8).
2, 17
Suppose -212 = -4*f + 108. List the prime factors of 12/10*f/12.
2
What are the prime factors of ((-18)/(-4))/((-1)/(-6))?
3
Let z(b) = -b + 2. Let j be z(-2). Suppose -3*i + 24 = -3*k, -4*k + 40 = -8*k - j*i. Let r = 17 + k. What are the prime factors of r?
2
Let t(x) = -x + 1. Let g(z) = 18*z - 3. Let o(c) = -g(c) - 5*t(c). List the prime factors of o(-1).
11
Let c(w) = -w**2 - 6*w - 8 + w + 2*w**2. Let k be c(7). Let t = k - 1. What are the prime factors of t?
5
Suppose 5*u - 2*h + 4 = 24, 4*u - 16 = -4*h. Let a(o) = -3*o - 8. Let l be a(-6). Suppose -k = u - l. What are the prime factors of k?
2, 3
Let v be -11 + 2 - (4 - 3). Let p = -3 - v. List the prime factors of p.
7
Let a = -3 - -3. Suppose -5*s + 3*r - 2 = 7*r, a = 5*r + 15. Suppose s*z - 10 = -3*z. List the prime factors of z.
2
Suppose 0*p + 315 = 21*p. List the prime factors of p.
3, 5
Suppose 5*q - 17 = -4*k - 57, -3*k - 8 = q. What are the prime factors of (-32)/(-6)*(-18)/q?
2, 3
Let f(c) = c - 16. Let y(t) = 3*t - 47. Let g(h) = 11*f(h) - 4*y(h). Suppose 5*n - 7*n = -4*z - 18, -4*z = 0. What are the prime factors of g(n)?
3
Suppose 2*f - 8 = 3*u, -4*u - 20 = -5*f + u. Let t = -5 + 3. Let s = t + f. What are the prime factors of s?
2
Suppose -2*t + 32 = -0*t. List the prime factors of t.
2
Let n(f) = 33*f**2 - f. Suppose -5*q + 0 + 2 = 3*w, q + 3 = -4*w. List the prime factors of n(w).
2, 17
Suppose -3*w + 40 = a, -4*a = -0*w + w - 160. List the prime factors of a.
2, 5
Suppose -7*n - 5*y = -2*n - 5, 3*y = 3*n - 9. Suppose n*m + 6 = -2. What are the prime factors of (-37)/(-4) - (-1)/m?
3
Suppose -i - 120 = -5*i. Suppose h + 2 = i. What are the prime factors of h?
2, 7
Let x(a) = 7*a + 2 + 2*a - a**2 + 0*a. Let j be x(9). Suppose -3*n + 7 + j = 0. List the prime factors of n.
3
Suppose -3*v + 3*k - 5 = -2*v, 25 = -5*v + 5*k. Suppose 4*s - 15 = -s. What are the prime factors of (s/v)/((-1)/15)?
3
Let m = 1091 + -664. List the prime factors of m.
7, 61
Suppose 5*s - 2*c + 0*c + 2 = 0, 4*c = -3*s - 22. Let v be (2 + s)/(2/2). Suppose v = -2*d - 1 + 5. List the prime factors of d.
2
Suppose -3*n + 0*n + 30 = 0. Let o = n - 5. Suppose -61 = -3*v + o*s, -4*v - 3*s = -6*v + 39. What are the prime factors of v?
2, 3
Suppose 4*v = 3*y + 3*v - 603, -201 = -y + 2*v. What are the prime factors of y?
3, 67
Let y(u) be the second derivative of -u**4/12 - 5*u**3/6 + u**2/2 + u. Let w be y(-5). List the prime factors of 7/w - (3 - 1).
5
Let p(q) = -2*q**2 - 9*q - 1. Let d(c) = 5*c**2 + 18*c + 3. Let y(h) = -3*d(h) - 7*p(h). What are the prime factors of y(7)?
2, 3
Let i = -4 + 8. Suppose i*z - z + 4*m = -4, 4*z - 4 = -3*m. Suppose -4*j + 68 = -4*u, -123 = -5*j + z*u - 40. List the prime factors of j.
3, 5
Suppose 0 = 4*y + m - 4, 8 = -3*y + 3*m - m. What are the prime factors of -1 - -4 - (y - 12)?
3, 5
Let y = 24 + -17. Suppose -4*x = -y*x - 9. Let w(u) = -4*u + 1. What are the prime factors of w(x)?
13
Suppose -5*h + 0*h = -130. List the prime factors of h.
2, 13
Let y(t) = -5*t. Let o be y(-2). Let x = o + 8. Let g = 